 = w*r. What are the prime factors of r?
2, 53
Let k = 14 + 328. Suppose l - k = -2*b, 2*b + b - 4*l - 491 = 0. Suppose 4*i - b - 107 = 0. What are the prime factors of i?
3, 23
Let n be 2/((28/(-760))/7). Let r = 56 - n. Suppose -10*u + 904 = -r. What are the prime factors of u?
2, 67
Suppose -2*c + 129440 = 3*m, 3*c - 33001 = -m + 10134. What are the prime factors of m?
2, 5, 863
Suppose 3*b - 2624 = -0*b + 4*i, 4*b + 2*i - 3462 = 0. Let m = 1551 - b. What are the prime factors of m?
683
Suppose 2*r = 4*r + 5*r. Suppose 3 = o, 4*i - 4*o + 5*o - 547 = r. What are the prime factors of i?
2, 17
Suppose 0 = -4*l - k + 19, 0 = 7*l - 5*l + k - 9. Suppose 2*a - 7*a = -q + 454, 4*a - 2328 = -l*q. List the prime factors of q.
2, 29
Suppose 0 = -2*z - 3*v + 29905, 28*z - 29*z - v + 14951 = 0. List the prime factors of z.
2, 37, 101
Let b be (-1)/((-14)/4) - 47652/231. Let z = b - -216. What are the prime factors of z?
2, 5
Let j = 14 + -13. List the prime factors of 13704/42 + (-27)/21 + j.
2, 163
Let w = 2026 + -788. Suppose -w - 5942 = -4*n. List the prime factors of n.
5, 359
Suppose 28*h - 30*h = -27548. List the prime factors of 2/(-15) + h/30.
3, 17
Let b = 60 - 40. Suppose b = 2*d + 4*s, d + 5 - 18 = -3*s. Suppose 7*y = d*y + 69. What are the prime factors of y?
23
Suppose -5 = 9*d - 4*d, 3*d + 897 = b. List the prime factors of b.
2, 3, 149
Suppose 6 = b + 4*q, -5*q = 8*b - 4*b - 13. Suppose 0 = b*y + 15*j - 16*j - 1867, -2818 = -3*y - 2*j. List the prime factors of y.
2, 3, 13
List the prime factors of (-134088)/592*598/(-3).
13, 23, 151
Let l be (-3 - -2)/(1*2/(-8)). Suppose -17 + 1 = -l*z. List the prime factors of (-44*1)/z*(-2)/1.
2, 11
Let f = 15 + -3. Suppose 0 = 5*l + 2*p - 468 + 425, 2*p = 8. Suppose f*t = l*t + 1065. List the prime factors of t.
3, 71
Let t be (-3)/(-2) + 212*11/(-88). Let z(s) = -s**2 - 24*s + 92. List the prime factors of z(t).
67
Let i(d) = d**3 + d**2 + 98. Suppose -9*k - 16 = -8*k - 3*a, 0 = -2*k - 4*a - 2. Let u be 60/9 + k - 2/(-6). What are the prime factors of i(u)?
2, 7
Suppose 2*w = 4*d - 103352, -25853 = -126*d + 125*d + 3*w. What are the prime factors of d?
5, 5167
Let b be 0/(-1 + 0 - 0). Let x = -2554 - -2558. Suppose -5*z + 0*k + x*k + 321 = b, -4*z = 3*k - 263. What are the prime factors of z?
5, 13
Suppose i - 2*b - 12 = 0, 0 = -3*i - 2*i - b + 5. List the prime factors of 47*91/(-26)*(0 - i).
7, 47
Let x(n) = n**2 + 23*n - 1. Let y(l) = -3*l**2 + 46*l - 12. Let j be y(15). What are the prime factors of x(j)?
7, 11
Suppose -3*j + 78 = -0*a + 5*a, j - a = 26. Suppose -4*p + j = -0*y + 2*y, -5*p + 5*y = -55. Suppose 0 = p*l - 10*l + 32. List the prime factors of l.
2
Let n be ((-5295)/30)/(1/(-2))*3. Let c = n + -710. What are the prime factors of c?
349
Let p = -318 - -322. Let r(o) = 21*o**2 + 5*o - 33. What are the prime factors of r(p)?
17, 19
Let a = 80424 - 45671. What are the prime factors of a?
23, 1511
Let f(k) = 28*k**2 - 2*k + 4. Let g be f(2). Suppose g*p - 116*p = -20. List the prime factors of p.
5
List the prime factors of (12/36)/((14/(-353143))/(48/(-14))).
2, 7207
Let h(l) = -27*l - 39. Suppose 3*m + 2*i + 36 = -m, -2*m - 3*i = 26. Let q be h(m). Let d = -31 + q. List the prime factors of d.
7, 17
Let d(l) = l**2 - 5*l - 2. Let r be d(4). Let m = 10 + 11. List the prime factors of (-884)/r - 7/m.
3, 7
Let x(d) = -15*d - 5. Let v(i) = i**3 + 5*i**2 - 2*i - 2. Let o be v(-5). Suppose 53*l - 55*l = o. List the prime factors of x(l).
5, 11
Let k = -1 + 1. Let t(x) = 4*x**2 + 105 + 6*x**2 + 5*x**2 + 2*x - 8*x**2 - 6*x**2. What are the prime factors of t(k)?
3, 5, 7
Let j be 30*2 + (-4)/(16/(-12)). List the prime factors of (2 - -41)/(1 + j/(-70)).
2, 5, 43
Let b(d) = -d**3 + 10*d**2 + 24*d + 5. Let w be b(12). Let s be (-1 + 1)*(-4 + w) - -13. Suppose c - s - 66 = 0. List the prime factors of c.
79
Let s(w) be the second derivative of -w**5/5 - w**4/4 - w**3/2 + 3*w**2 - w + 14. List the prime factors of s(-3).
2, 3
Let h(q) = q**3 - 3*q**2 - 7*q + 8. Let d be h(4). Let y(j) = 30*j**2 - 10*j + 4. What are the prime factors of y(d)?
2, 131
Suppose h = v - 1, -h = 2*v - 4*v + 4. Suppose -h*g + g + 108 = 0. Let u = g - 40. What are the prime factors of u?
2, 17
Let s be (8418/(-23))/(0 + -1 + 2). What are the prime factors of 4 - (s*1 + 5)?
5, 73
List the prime factors of 7338892/330 + 14/(-210).
3, 7, 353
Let o(p) = 1277*p + 1. Let q be o(7). Suppose 4*t + q = 7*t. Suppose 0 = -9*n - n + t. List the prime factors of n.
2, 149
Let y(c) = -c**2 - 20*c - 24. Let j be y(-18). Suppose -j = 141*o - 145*o. List the prime factors of (o - 19/(-4))*4.
31
Let u = 26266 - 11946. List the prime factors of u.
2, 5, 179
Let v(w) = 5*w**2 + 2*w + 1. Let h be v(-1). Let l = -157 - -237. Suppose 244 = h*s - l. List the prime factors of s.
3
Let h(p) = p**2 + 47*p + 554. Let i be h(-22). Suppose -5*w = -w + 8, 5*v = -4*w - 18. List the prime factors of v/(-3)*(i - -41).
2, 3, 5
Suppose -125*g + 430056 = 89*g - 187*g. List the prime factors of g.
2, 11, 181
Suppose 2*c - 5*k - 46 = -c, -k = 4*c - 92. Let h = 8 + -2. Suppose 2*z + c = h*z - 2*x, -3*z - 5*x = -23. What are the prime factors of z?
2, 3
Let s(l) = 2*l**3 - 14*l**2 + 12*l. Let x be s(6). Suppose -r + 1684 - 630 = x. What are the prime factors of r?
2, 17, 31
Let k(c) = c**3 + 9*c**2 - 10*c - 7. Let h be k(-12). Let t = h + 688. List the prime factors of t.
3, 41
Let y(f) = -3*f - 10*f**3 + 29*f**3 - 17*f**3 + 39 - 22*f**2 - 25. List the prime factors of y(14).
2, 7, 41
Suppose l + 4*m + 12 = 0, 4*l - 2*m = 1 + 23. Suppose 0 = -3*w + l*n - 7*n + 969, 0 = -2*w + n + 631. List the prime factors of w.
2, 3, 53
Let q(t) = 91*t**3 + 4*t**2 - 12*t + 11. Suppose 692*h - 14 = 685*h. List the prime factors of q(h).
17, 43
Let r = 2781 + -1634. Suppose -39 - 71 = -21*g - 26. Suppose -g*l = -r + 399. List the prime factors of l.
11, 17
Let w(y) = 18*y + 4. Suppose 0 = -2*j + 11 + 21. Suppose -x = 13 - j. What are the prime factors of w(x)?
2, 29
Let a = -17919 + 17896. Let k(z) = -z**2 - 1. Let v(f) = 3*f**2 - 39*f - 7. Let c(g) = -5*k(g) - v(g). What are the prime factors of c(a)?
173
Let n(p) = -67*p + 2607 - 5284 + 2450. What are the prime factors of n(-5)?
2, 3
Let c(h) = 249*h + 50. Suppose -156*g = -151*g - 20. List the prime factors of c(g).
2, 523
Suppose 4*h - 192 = 8*m - 4*m, 0 = -5*h + 2*m + 252. Let s = h + 26. Let q = s - -91. List the prime factors of q.
13
List the prime factors of ((8/6)/4)/(187/11962203).
21323
Suppose -122*r + 117*r = 0. Suppose -39*f - 18637 + 59158 = r. List the prime factors of f.
1039
Suppose 77*q = 75*q + 18. Let k(n) = -n - 3*n - 3 - 10*n**2 + n**3 + 19*n. What are the prime factors of k(q)?
3, 17
Let c(b) = 5*b**2 + 3*b - 8. Let x be c(-4). Let d = 105 - x. Suppose -186 = -48*a + d*a. List the prime factors of a.
2, 31
Let b be 46/(-14) + 5 + (-4)/(-14). Let r be -261 - (b + 2) - 3. Let h = -110 - r. What are the prime factors of h?
2, 79
Suppose 0 = 12*n + 28*n - 188360. List the prime factors of n.
17, 277
Suppose -209*u + 36 = -200*u. Let k(j) be the third derivative of j**6/120 - j**5/30 + 7*j**4/24 - j**3 + j**2. List the prime factors of k(u).
2, 3
Let r(f) = 14*f**2 + 25*f - 1243. What are the prime factors of r(67)?
2, 29, 1091
Let n be 4*(44/16)/(-11). List the prime factors of (38 + n)/((-10 + 2)/(-16)).
2, 37
Suppose 6*r = -5*r + 264. Let q be (-15)/12*r/(-3). Suppose -2*l = -34 - q. What are the prime factors of l?
2, 11
List the prime factors of (14 + (-1749 - -7))/(4 + 598/(-148)).
2, 3, 37
Suppose 177 = 29*s + 61. Suppose 0*o - 1044 = -4*o + s*t, -1335 = -5*o - t. List the prime factors of o.
2, 7, 19
Suppose -2039 + 469 = 10*i. Let g = 451 + i. What are the prime factors of g?
2, 3, 7
Let m = -24 + 34. Suppose -5*c + m = 2*y, -c - y - 1 = -0*y. Suppose f + 184 = c*l + 6*f, 3*l + 5*f - 133 = 0. What are the prime factors of l?
3, 17
Suppose 300 + 3000 = -12*r. Let x = 5 + r. Let s = -54 - x. What are the prime factors of s?
2, 3
Let w = 8916 - 2729. What are the prime factors of w?
23, 269
Let b(m) = 5*m - 1. Let g be b(-6). Let l = -29 - g. Suppose q + h + l*h - 67 = 0, 0 = 5*q - h - 287. What are the prime factors of q?
2, 29
Let b be -9*(-7 - 12/(-2)) + 6. Suppose -4*a - z = -6432, -b*z + 13*z - 